{"id":2262,"date":"2026-04-10T21:54:15","date_gmt":"2026-04-10T19:54:15","guid":{"rendered":"https:\/\/unitedmusicfrance.com\/index.php\/produit\/"},"modified":"2026-04-12T01:00:15","modified_gmt":"2026-04-11T23:00:15","slug":"awakening","status":"publish","type":"product","link":"https:\/\/unitedmusicfrance.com\/index.php\/produit\/awakening\/","title":{"rendered":"Pr\u00e9vente &#8211; Phoenix Awakening"},"content":{"rendered":"<p data-start=\"121\" data-end=\"145\">\ud83d\udd25 <em><strong>PREVENTES &#8211;<\/strong><\/em> <strong data-start=\"124\" data-end=\"145\">PHOENIX AWAKENING\u00a0<\/strong><\/p>\n<p data-start=\"147\" data-end=\"360\">EARLY ACCESS : Tarif de 15\u20ac \u2013 pr\u00e9ventes disponibles jusqu&#8217;au 01\/06\/2026<br data-start=\"218\" data-end=\"221\" \/>LAST ACCESS : Tarif de 19\u20ac \u2013 pr\u00e9ventes disponibles du 01\/06\/2026 au 12\/06\/2026<br data-start=\"299\" data-end=\"302\" \/>DOOR PRICE : Tarif de 25\u20ac \u2013 PRIX SUR PLACE le 13\/06\/2026<\/p>\n<hr data-start=\"362\" data-end=\"365\" \/>\n<p data-start=\"367\" data-end=\"472\">Prog Attack revient avec une toute nouvelle exp\u00e9rience sonore.<\/p>\n<p data-start=\"367\" data-end=\"472\"><strong>Le 13 Juin 2026 de 21:00 \u00e0 09:00\u00a0<\/strong><\/p>\n<p>LE SINCLAIR<\/p>\n<p>Avenue de l&#8217;Aygues<\/p>\n<p>84420 PIOLENC<\/p>\n<p data-start=\"474\" data-end=\"498\">\ud83c\udf0c <strong data-start=\"477\" data-end=\"498\">PHOENIX AWAKENING<\/strong><\/p>\n<p data-start=\"500\" data-end=\"649\">\ud83d\udca5 Un voyage sonore entre <strong data-start=\"526\" data-end=\"545\">Techno &amp; Trance<\/strong>, entre \u00e9nergie brute et envol\u00e9es cosmiques.<\/p>\n<p data-start=\"500\" data-end=\"649\">Vous avez aim\u00e9 nos deux premiers \u00e9v\u00e8nements alors c&#8217;est reparti pour un tour.<\/p>\n<p data-start=\"651\" data-end=\"794\">Pr\u00e9pare toi \u00e0 entrer dans une dimension parall\u00e8le.<\/p>\n<p>une immersion totale jusqu\u2019au lever du jour<\/p>\n<hr data-start=\"929\" data-end=\"932\" \/>\n<p data-start=\"934\" data-end=\"948\">\ud83c\udfa7 <strong data-start=\"937\" data-end=\"948\">LINE UP<\/strong><\/p>\n<p data-start=\"950\" data-end=\"1117\">ROMAIN SEIGNOUR (PROG ATTACK)<br data-start=\"979\" data-end=\"982\" \/>JOR DHARMA (ARDHANA)<br data-start=\"1002\" data-end=\"1005\" \/>JOSEPH (TEKCIRCUS)<br data-start=\"1023\" data-end=\"1026\" \/>NCEED (LA FINE EQUIPE)<br data-start=\"1048\" data-end=\"1051\" \/>MESKA (SUBTERRA)<br data-start=\"1067\" data-end=\"1070\" \/>NICO OBBYTEK (FESTIMURS)<br data-start=\"1094\" data-end=\"1097\" \/>NCHA (PROG ATTACK)<\/p>\n<hr data-start=\"1119\" data-end=\"1122\" \/>\n<p data-start=\"1124\" data-end=\"1269\">\ud83c\udf9f\ufe0f R\u00e9serve ta place d\u00e8s maintenant et re\u00e7ois ton billet personnalis\u00e9 avec QR code.<br data-start=\"1207\" data-end=\"1210\" \/>Contr\u00f4le s\u00e9curis\u00e9 \u00e0 l\u2019entr\u00e9e.<\/p>\n<p data-start=\"1271\" data-end=\"1310\">\u26a0\ufe0f Une fois complet\u2026 il sera trop tard.<\/p>\n<p data-start=\"1362\" data-end=\"1435\">\ud83d\udd0a Sonorisation : Funktion One \u2013 NX \u2013 VOID<br data-start=\"1404\" data-end=\"1407\" \/>\ud83c\udfa8 D\u00e9co by FESTIMURS &amp; AWA<\/p>\n<p class=\"\" data-start=\"1128\" data-end=\"1232\">\n","protected":false},"excerpt":{"rendered":"<h2 class=\"\" data-start=\"159\" data-end=\"217\">PROG ATTACK &#8211; Phoenix Awakening &#8211; 13\/06\/2025<\/h2>\n","protected":false},"featured_media":2265,"template":"","meta":[],"product_brand":[],"product_cat":[28],"product_tag":[],"class_list":{"0":"post-2262","1":"product","2":"type-product","3":"status-publish","4":"has-post-thumbnail","6":"product_cat-prog-attack","8":"first","9":"instock","10":"virtual","11":"purchasable","12":"product-type-simple"},"jetpack_sharing_enabled":true,"_links":{"self":[{"href":"https:\/\/unitedmusicfrance.com\/index.php\/wp-json\/wp\/v2\/product\/2262","targetHints":{"allow":["GET"]}}],"collection":[{"href":"https:\/\/unitedmusicfrance.com\/index.php\/wp-json\/wp\/v2\/product"}],"about":[{"href":"https:\/\/unitedmusicfrance.com\/index.php\/wp-json\/wp\/v2\/types\/product"}],"wp:featuredmedia":[{"embeddable":true,"href":"https:\/\/unitedmusicfrance.com\/index.php\/wp-json\/wp\/v2\/media\/2265"}],"wp:attachment":[{"href":"https:\/\/unitedmusicfrance.com\/index.php\/wp-json\/wp\/v2\/media?parent=2262"}],"wp:term":[{"taxonomy":"product_brand","embeddable":true,"href":"https:\/\/unitedmusicfrance.com\/index.php\/wp-json\/wp\/v2\/product_brand?post=2262"},{"taxonomy":"product_cat","embeddable":true,"href":"https:\/\/unitedmusicfrance.com\/index.php\/wp-json\/wp\/v2\/product_cat?post=2262"},{"taxonomy":"product_tag","embeddable":true,"href":"https:\/\/unitedmusicfrance.com\/index.php\/wp-json\/wp\/v2\/product_tag?post=2262"}],"curies":[{"name":"wp","href":"https:\/\/api.w.org\/{rel}","templated":true}]}}